actor of 218402210 and 40.
10
What is the highest common divisor of 55 and 17403199?
11
What is the greatest common divisor of 244348 and 30480?
508
What is the greatest common divisor of 3162 and 811489356?
3162
Calculate the greatest common factor of 3490 and 6310.
10
Calculate the greatest common factor of 52723168 and 32.
32
What is the greatest common factor of 16268 and 51597?
49
Calculate the greatest common factor of 132316654 and 1058.
1058
What is the greatest common divisor of 8911 and 7470701?
469
What is the greatest common divisor of 37058462 and 2823?
941
Calculate the highest common factor of 150850545 and 30.
15
Calculate the highest common factor of 68 and 2886334256.
68
Calculate the highest common factor of 1171135 and 2695.
35
Calculate the greatest common divisor of 3400928 and 5216.
32
Calculate the highest common divisor of 1448 and 4476130.
362
What is the greatest common factor of 66 and 261021849?
33
Calculate the highest common divisor of 388544 and 1976.
104
Calculate the highest common divisor of 93426990 and 5490.
1830
What is the highest common factor of 1286620 and 12650?
230
What is the highest common divisor of 3629 and 281732?
19
What is the greatest common factor of 70 and 56048370?
70
Calculate the greatest common divisor of 374 and 28671027.
187
Calculate the highest common divisor of 17191212 and 1592.
796
Calculate the highest common divisor of 253 and 10644469.
253
What is the highest common factor of 388287310 and 680?
170
Calculate the greatest common divisor of 211644 and 180.
36
What is the highest common divisor of 2514 and 204061380?
2514
Calculate the highest common factor of 364586 and 210438.
866
Calculate the highest common divisor of 442 and 8032.
2
Calculate the greatest common factor of 6395 and 2331617.
1279
What is the greatest common factor of 2176 and 517718?
34
Calculate the highest common divisor of 4540 and 306957572.
908
What is the greatest common divisor of 2100603 and 54?
3
What is the greatest common factor of 35309 and 62?
31
What is the highest common factor of 5833473 and 12639?
1149
What is the highest common factor of 51904 and 1027232?
32
What is the greatest common divisor of 229459506 and 306?
102
Calculate the highest common divisor of 658 and 567546.
14
Calculate the greatest common factor of 3841171 and 1633.
71
Calculate the greatest common factor of 62 and 89025676.
62
What is the greatest common factor of 2 and 89259?
1
Calculate the highest common factor of 29180166 and 398.
398
Calculate the highest common factor of 21947 and 20001463.
1291
What is the greatest common divisor of 353857 and 1295?
7
What is the highest common factor of 1140 and 75939030?
30
Calculate the highest common factor of 150 and 7565150.
50
Calculate the highest common divisor of 68760180 and 360.
180
What is the highest common factor of 550620 and 54891?
171
Calculate the highest common divisor of 1233 and 22552803.
1233
Calculate the highest common divisor of 335 and 233690.
5
Calculate the greatest common divisor of 219665290 and 390.
130
What is the highest common divisor of 59558176 and 268?
268
What is the highest common divisor of 57459 and 17184?
537
Calculate the highest common divisor of 88 and 76290896.
88
What is the greatest common factor of 17326122 and 13904?
1738
Calculate the greatest common divisor of 22191 and 50685951.
1707
Calculate the greatest common divisor of 18148 and 177401237.
4537
What is the highest common divisor of 29134 and 9071079?
2081
Calculate the greatest common divisor of 82967283 and 18.
9
What is the highest common divisor of 239915 and 14495?
65
What is the highest common divisor of 4290 and 155190?
30
Calculate the highest common divisor of 550064 and 24800.
496
What is the highest common factor of 64 and 31184848?
16
What is the greatest common divisor of 145122 and 137886?
402
Calculate the highest common factor of 24961054 and 13354.
1214
What is the highest common divisor of 962831 and 20843257?
13561
Calculate the highest common factor of 390 and 49356255.
195
Calculate the greatest common divisor of 29605230 and 76038.
3306
Calculate the highest common factor of 24 and 228678168.
24
Calculate the highest common factor of 382333 and 98623.
1351
Calculate the highest common divisor of 113620 and 1735175.
1235
What is the highest common factor of 117156622 and 1938?
646
Calculate the highest common factor of 21670 and 4746335.
55
Calculate the highest common factor of 901033 and 42777.
679
Calculate the highest common divisor of 594106 and 166370.
254
What is the highest common factor of 15895 and 14919047?
3179
Calculate the greatest common divisor of 6214 and 961019.
239
What is the highest common factor of 13698 and 48?
6
What is the highest common factor of 25727 and 5512?
13
What is the highest common factor of 75150161 and 707?
101
What is the highest common factor of 216 and 959067?
27
Calculate the highest common factor of 16297 and 1552601.
43
Calculate the greatest common divisor of 15875 and 3922375.
125
What is the highest common divisor of 11763729 and 2?
1
What is the highest common divisor of 1649865 and 2709?
21
Calculate the highest common factor of 17420 and 2792530.
130
What is the highest common factor of 4 and 43593662?
2
What is the highest common divisor of 5146272 and 450?
18
Calculate the greatest common factor of 2240 and 5490380.
140
What is the highest common factor of 721 and 248619?
7
Calculate the greatest common divisor of 9208047 and 652006.
6151
What is the highest common divisor of 1743460 and 993808?
716
What is the greatest common factor of 25076548 and 308?
28
Calculate the highest common divisor of 36005 and 10123469.
379
What is the highest common divisor of 6914300 and 60?
20
What is the greatest common factor of 78 and 3028089?
3
What is the greatest common factor of 70 and 585650?
10
What is the highest common divisor of 2755 and 35410015?
2755
What is the greatest common factor of 78 and 2828394?
6
Calculate the highest common divisor of 65268 and 17279.
37
What is the highest common divisor of 574830 and 210?
30
What is the highest common divisor of 18 and 106838?
2
Calculate the highest common factor of 17572 and 3680952.
764
What is the greatest common factor of 50 and 220997920?
10
Calculate the highest common factor of 2526 and 5862813162.
2526
Calculate the highest common factor of 24450 and 157741620.
4890
What is the highest common factor of 7289216 and 320?
64
What is the highest common divisor of 7602566 and 4?
2
What is the greatest common factor of 64955 and 2965?
5
Calculate the greatest common factor of 239163 and 89871.
87
Calculate the greatest common divisor of 500 and 304.
4
What is the highest common divisor of 187726943 and 46?
23
Calculate the highest common divisor of 2768 and 178784.
16
What is the greatest common divisor of 19221608 and 280?
56
What is the greatest common divisor of 12468 and 7872503?
1039
Calculate the highest common divisor of 159246 and 290223.
81
What is the greatest common factor of 393116 and 1564?
92
Calculate the greatest common divisor of 36 and 59935662.
18
What is the greatest common divisor of 46848 and 556044?
12
Calculate the greatest common divisor of 10403932 and 1496.
748
Calculate the greatest common divisor of 63301122 and 1026.
1026
Calculate the highest common divisor of 455 and 3984760.
65
What is the greatest common factor of 3189 and 3432427?
1063
Calculate the greatest common factor of 4420691 and 176.
11
What is the highest common divisor of 612 and 11022817?
17
What is the greatest common divisor of 284512217 and 536?
67
Calculate the highest common factor of 121451 and 9315889.
1991
What is the greatest common divisor of 295051091 and 167?
167
What is the highest common factor of 113936056 and 156?
52
Calculate the highest common divisor of 15922503 and 27.
9
What is the highest common divisor of 443810 and 730?
10
What is the greatest common factor of 358250 and 2169562?
2866
Calculate the highest common divisor of 9108204 and 105.
21
Calculate the highest common divisor of 500 and 423674625.
125
Calculate the greatest common factor of 640059114 and 6.
6
What is the highest common factor of 11439 and 5135832?
279
What is the hi